is the hundreds digit of 3819?
8
What is the thousands digit of 163557?
3
What is the hundreds digit of 901?
9
What is the hundreds digit of 478?
4
What is the units digit of 8261?
1
What is the units digit of 6877?
7
What is the thousands digit of 5112?
5
What is the thousands digit of 10883?
0
What is the units digit of 716?
6
What is the tens digit of 1425?
2
What is the hundreds digit of 335?
3
What is the hundreds digit of 1697?
6
What is the ten thousands digit of 51509?
5
What is the thousands digit of 33187?
3
What is the tens digit of 167?
6
What is the units digit of 7825?
5
What is the tens digit of 1338?
3
What is the hundreds digit of 1106?
1
What is the tens digit of 363?
6
What is the units digit of 9438?
8
What is the hundreds digit of 1929?
9
What is the tens digit of 51257?
5
What is the tens digit of 679?
7
What is the thousands digit of 2625?
2
What is the thousands digit of 4928?
4
What is the units digit of 29740?
0
What is the tens digit of 2177?
7
What is the hundreds digit of 1565?
5
What is the tens digit of 1060?
6
What is the units digit of 480?
0
What is the tens digit of 30957?
5
What is the tens digit of 15009?
0
What is the tens digit of 7174?
7
What is the tens digit of 5128?
2
What is the units digit of 150061?
1
What is the tens digit of 2398?
9
What is the tens digit of 304?
0
What is the units digit of 23962?
2
What is the hundreds digit of 1259?
2
What is the hundreds digit of 25689?
6
What is the ten thousands digit of 12359?
1
What is the ten thousands digit of 85536?
8
What is the tens digit of 1450?
5
What is the tens digit of 8133?
3
What is the thousands digit of 11203?
1
What is the units digit of 16561?
1
What is the ten thousands digit of 17523?
1
What is the tens digit of 10447?
4
What is the units digit of 1209?
9
What is the tens digit of 37033?
3
What is the units digit of 610?
0
What is the tens digit of 9390?
9
What is the units digit of 11241?
1
What is the thousands digit of 15403?
5
What is the hundreds digit of 1637?
6
What is the ten thousands digit of 36348?
3
What is the units digit of 167196?
6
What is the units digit of 8713?
3
What is the thousands digit of 5652?
5
What is the thousands digit of 36406?
6
What is the thousands digit of 15930?
5
What is the units digit of 7991?
1
What is the thousands digit of 10824?
0
What is the tens digit of 84532?
3
What is the tens digit of 23117?
1
What is the thousands digit of 43217?
3
What is the tens digit of 23040?
4
What is the hundreds digit of 12756?
7
What is the tens digit of 3112?
1
What is the units digit of 230?
0
What is the tens digit of 2271?
7
What is the hundreds digit of 2361?
3
What is the tens digit of 1266?
6
What is the thousands digit of 41751?
1
What is the tens digit of 2970?
7
What is the ten thousands digit of 14664?
1
What is the thousands digit of 3937?
3
What is the units digit of 123?
3
What is the hundred thousands digit of 130619?
1
What is the thousands digit of 16323?
6
What is the tens digit of 5971?
7
What is the thousands digit of 5475?
5
What is the units digit of 14693?
3
What is the hundreds digit of 6532?
5
What is the hundreds digit of 1713?
7
What is the ten thousands digit of 23115?
2
What is the tens digit of 35499?
9
What is the tens digit of 26317?
1
What is the hundreds digit of 1005?
0
What is the thousands digit of 119135?
9
What is the tens digit of 29493?
9
What is the ten thousands digit of 12591?
1
What is the ten thousands digit of 28766?
2
What is the thousands digit of 9193?
9
What is the hundreds digit of 936?
9
What is the ten thousands digit of 92755?
9
What is the thousands digit of 69097?
9
What is the tens digit of 9111?
1
What is the tens digit of 268?
6
What is the hundreds digit of 2352?
3
What is the thousands digit of 3066?
3
What is the thousands digit of 61675?
1
What is the tens digit of 433?
3
What is the thousands digit of 4064?
4
What is the units digit of 6123?
3
What is the units digit of 621?
1
What is the tens digit of 2404?
0
What is the tens digit of 62407?
0
What is the thousands digit of 4524?
4
What is the tens digit of 496?
9
What is the units digit of 9010?
0
What is the tens digit of 27295?
9
What is the thousands digit of 3733?
3
What is the units digit of 4452?
2
What is the hundreds digit of 4593?
5
What is the tens digit of 864?
6
What is the thousands digit of 18539?
8
What is the units digit of 2940?
0
What is the thousands digit of 2164?
2
What is the tens digit of 27627?
2
What is the hundreds digit of 2769?
7
What is the ten thousands digit of 85154?
8
What is the units digit of 31947?
7
What is the ten thousands digit of 19702?
1
What is the tens digit of 2462?
6
What is the hundreds digit of 577?
5
What is the thousands digit of 1046?
1
What is the thousands digit of 81366?
1
What is the tens digit of 53766?
6
What is the units digit of 875?
5
What is the hundreds digit of 5121?
1
What is the thousands digit of 54663?
4
What is the hundreds digit of 110469?
4
What is the tens digit of 473?
7
What is the tens digit of 94352?
5
What is the thousands digit of 2744?
2
What is the hundreds digit of 371?
3
What is the units digit of 31488?
8
What is the tens digit of 515?
1
What is the hundreds digit of 50540?
5
What is the units digit of 2030?
0
What is the tens digit of 462?
6
What is the hundreds digit of 4273?
2
What is the tens digit of 145812?
1
What is the tens digit of 243?
4
What is the thousands digit of 1176?
1
What is the hundreds digit of 8153?
1
What is the units digit of 4317?
7
What is the tens digit of 28470?
7
What is the units digit of 15226?
6
What is the hundreds digit of 1300?
3
What is the units digit of 254?
4
What is the units digit of 11442?
2
What is the units digit of 361?
1
What is the tens digit of 9595?
9
What is the tens digit of 1132?
3
What is the tens digit of 552?
5
What is the thousands digit of 35982?
5
What is the tens digit of 21668?
6
What is the tens digit of 30178?
7
What is the units digit of 11018?
8
What is the units digit of 20584?
4
What is the tens digit of 729?
2
What is the tens digit of 921?
2
What is the tens digit of 1888?
8
What is the tens digit of 61890?
9
What is the thousands digit of 1166?
1
What is the units digit of 34448?
8
What is the hundreds digit of 107937?
9
What is the thousands digit of 1151?
1
What is the units digit of 1913?
3
What is the tens digit of 6888?
8
What is the hundreds digit of 10268?
2
What is the thousands digit of 57024?
7
What is the hundreds digit of 9711?
7
What is the units digit of 13301?
1
What is the units digit of 10321?
1
What is the tens digit of 35979?
7
What is the tens digit of 8057?
5
What is the tens digit of 166127?
2
What is the units digit of 230?
0
What is the hundreds digit of 8866?
8
What is the units digit of 1724?
4
What is the thousands digit of 3748?
3
What is the thousands digit of 5600?
5
What is the thousands digit of 1074?
1
What is the tens digit of 22763?
6
What is the thousands digit of 1223?
1
What is the tens digit of 58547?
4
What is the thousands digit of 13967?
3
What is the tens digit of 205?
0
What is the ten thousands digit of 29126?
2
What is the units digit of 2?
2
What is the hundreds digit of 14219?
2
What is the hundreds digit of 818?
8
What is the hundreds digit of 83742?
7
What is the tens digit of 35349?
4
What is the hundreds digit of 11096?
0
What is the hundreds digit of 23896?
8
What is the units digit of 14395?
5
What is the tens digit of 840?
4
What is the units digit of 697?
7
What is the tens digit of 66?
6
What is the units digit of 22609?
9
What is the units digit of 106?
6
What is the units digit of 20313?
3
What is the units digit of 3647?
7
What is the hundreds digit of 86295?
2
What is the tens digit of 1021?
2
What is the tens digit of 368?
6
What is the units digit of 1344?
4
What is the hundreds digit of 1420?
4
What is the tens digit of 488?
8
What is the thousands digit of 13820?
3
What is the tens digit of 3272?
7
What is the tens digit of 71?
7
What is the tens digit of 107859?
5
What is the thousands digit of 77016?
7
What is the units digit of 29?
9
What is the tens digit of 834?
3
What is the units digit of 59923?
3
What is the thousands digit of 9881?
9
What is the hundred thousands digit of